c(b) = 22*b**2 - 3*b + 2. What is the remainder when 39 is divided by c(1)?
18
Calculate the remainder when 65 is divided by (-78)/(-3) + (3 - 7).
21
Let s(d) = d**2 + 7*d. Let k be s(-7). Suppose 4 = -2*g, -42 = -4*p - 3*g - k*g. Let m = 130 - 108. What is the remainder when m is divided by p?
10
Calculate the remainder when 2/(8/(-1)) + (-1853)/(-68) is divided by 6.
3
Suppose 92 = 5*c - 18. What is the remainder when 42 is divided by c?
20
Let s be 3*(-3 + 2 - -2). Suppose -6*v = -2*a - 4*v + 20, -5*v = -s*a + 36. Calculate the remainder when 24 is divided by a.
3
Let m(o) = 12*o - 19. Calculate the remainder when m(6) is divided by 14.
11
Let a = -9 + 28. Suppose -a - 23 = -2*r. Calculate the remainder when r is divided by 10 - (0 - 0 - 1).
10
Let j = -2 + 3. Let b = j - -2. Suppose y - 4*i = 25, -3*y - 2*i - b*i = 10. What is the remainder when y is divided by 3?
2
Let i(b) = 7*b. Let a be 0/(-2) + -1 + 2. Suppose 0*d = 2*d - 38. Calculate the remainder when d is divided by i(a).
5
Suppose 2*l - 6*l = -132. Suppose 2*q = -3*h + l, q + h + 101 = 5*q. What is the remainder when q is divided by 9?
6
Let o(g) = -4*g + 62. Calculate the remainder when 3/(-6) - 26/(-4) is divided by o(15).
0
Suppose 2*o - 45 = -3*o. Let l(r) = -r**2 - 13*r + 36. Calculate the remainder when o is divided by l(-15).
3
Suppose -1 = 5*v - 11. Suppose x - 2*x - v*l + 18 = 0, -79 = -5*x + l. What is the remainder when x is divided by 9?
7
Let p = 100 + -70. Let c = p + -15. Suppose -5*j = 2*s - 221, -227 = -5*j - 3*s - s. Calculate the remainder when j is divided by c.
13
Let x(t) be the second derivative of 4*t + 1/6*t**3 + 8*t**2 + 0. Calculate the remainder when 8 is divided by x(-11).
3
Let x = -2 - -6. Calculate the remainder when 14 is divided by x.
2
Let i(z) be the third derivative of -z**4/12 - 5*z**3/3 + 3*z**2. Calculate the remainder when i(-7) is divided by 3.
1
Suppose -2*x + 49 = -15. Calculate the remainder when x is divided by 9.
5
Suppose 0 = -3*t + 3 + 3. Suppose 4*a - 159 = 5*d + 93, -t*d = 0. Let g = -28 + a. What is the remainder when g is divided by 12?
11
Suppose -34*p + 38*p - 36 = 0. Calculate the remainder when 26 is divided by p.
8
What is the remainder when 98 - (4 - -2 - 2) is divided by 24?
22
What is the remainder when 30 is divided by (-684)/(-42) - (-4)/(-14)?
14
Suppose -6 = -4*z - 2. Let p = 2 + z. What is the remainder when 8/1 + (2 - 3) is divided by p?
1
What is the remainder when 53 is divided by 28*(-1 - (-9)/6)?
11
Let b(o) = 3*o - 23. Calculate the remainder when 2 is divided by b(8).
0
Let a(r) = r**3 + 5*r**2 - 2*r + 3. Calculate the remainder when a(-4) is divided by (2/(-4))/(3/(-42)).
6
Let x(n) = n**3 + 11*n**2 - 15*n + 7. Suppose v = 2 + 4. Let t = v + 16. What is the remainder when x(-12) is divided by t?
21
Calculate the remainder when 83 is divided by ((-66)/(-8))/((-27)/(-36)).
6
Suppose i + 2*w - 4*w = -4, -w + 2 = -5*i. Suppose i = 3*g + g - 72. Calculate the remainder when g is divided by 10.
8
Calculate the remainder when 4/(-36)*2 - (-3786)/27 is divided by 13.
10
Suppose -a + 2*v = -79, -5*a = -3*v - 253 - 163. Let t = 61 - a. What is the remainder when (t/(-30))/((-4)/(-70)) is divided by 5?
4
Suppose c - 3 = 0, 2*v + 2*c = c + 165. What is the remainder when v is divided by 14?
11
Let y = -2 - -16. Suppose -5*d + 3*d + 12 = 0. Let o(h) = -h**3 + 7*h**2 - 3*h + 7. Calculate the remainder when o(d) is divided by y.
11
Suppose w - 2*k - 25 = -k, 0 = 3*w - 4*k - 70. Suppose 5 = f - n - 7, 3*f = n + 26. Let d = f + 4. Calculate the remainder when w is divided by d.
8
Let y = 381 + -158. What is the remainder when y is divided by 56?
55
Suppose -3*q - q = -164. What is the remainder when q is divided by 21?
20
Suppose -2*w = -7*w + 210. What is the remainder when w is divided by 20/1 - (-4 + 2)?
20
Suppose -7*l + 6*l + 7 = 0. Suppose -2*s + l*s = 40. Calculate the remainder when 29 is divided by s.
5
Let q(l) = 4*l + 11. What is the remainder when q(11) is divided by 19?
17
Let a(t) = 6*t**2 + 2*t + 3. Let d be a(4). Suppose -2*w + 146 = -4*w. Let n = d + w. What is the remainder when n is divided by 12?
10
Let w = 66 + -53. What is the remainder when 38 is divided by w?
12
Suppose -5*o - 18 = -3*a, -5*o + 27 + 32 = 4*a. Suppose 2*j - 29 = 55. What is the remainder when j is divided by a?
9
Let o(c) = -c**3 + 5*c**2 - 4*c + 6. Let j(z) = 5*z**2 - 2*z + 1. Let f be j(1). What is the remainder when o(f) is divided by 4?
2
Suppose -36 = -5*b + 2*b. Let a = b + 2. Suppose 811*j - 27 = 810*j. What is the remainder when j is divided by a?
13
Let c(g) be the first derivative of g**3/3 + g - 2. Let y be c(-1). Suppose 11 = d - y. Calculate the remainder when 36 is divided by d.
10
Let o(f) = -f**3 - 10*f**2 - 10*f + 6. What is the remainder when 42 is divided by o(-9)?
12
Let s(i) = i + 2. Let x = -6 - -4. Calculate the remainder when 3/(3/x)*-10 is divided by s(5).
6
Let s(w) = -w**3 - 15*w**2 + 7. Calculate the remainder when 12 is divided by s(-15).
5
Suppose 0 = 2*i + 3*i - 80. Let y = 5 + -5. Suppose y*l + 47 = l. What is the remainder when l is divided by i?
15
Let n = 4 + -8. Let r = -7 - n. Let t = r - -16. What is the remainder when t is divided by 5?
3
Let r(h) = 2*h**3 + 4*h**2 - h. Let z be r(-4). Let f = z - -97. What is the remainder when f is divided by 13?
11
Let o = -51 - -80. What is the remainder when o is divided by 10?
9
Let j = 410 + -205. Suppose -j = -2*u - 3. Calculate the remainder when u is divided by 26.
23
Suppose 0 = -0*v + v. Let u be (16/2 + v)/2. Suppose 0 = u*x - 4, 2*q - 6*x = -3*x + 35. Calculate the remainder when 36 is divided by q.
17
Let x be ((-102)/4)/((-2)/(-4)). Let d = -20 - x. Calculate the remainder when d is divided by 8.
7
Let z(l) = l - 11. Let b be z(9). Let k(d) = d**3 - d**2 - 4*d - 3. Let t be k(b). Let n = 11 + t. Calculate the remainder when 11 is divided by n.
3
Suppose -2*k + 2*j + j = -13, 0 = -2*k - j + 1. Let x(m) = 7*m - 3*m - 3*m - k. Calculate the remainder when x(3) is divided by 1.
0
Suppose 100 = -0*q + 2*q. Suppose 2*t + 5*s + 46 = 4*t, 0 = -2*t + 3*s + q. Suppose 2 = 2*z - 18. Calculate the remainder when t is divided by z.
8
Let d be 2/12 + 7/(-6). Let c(y) = -38*y**3 - y**2 - 2*y - 1. What is the remainder when c(d) is divided by 8?
6
Let o = -2 + 7. Suppose 29*c - 22 = 27*c + 2*l, -5*l + 10 = 0. What is the remainder when c is divided by o?
3
Let f(i) = i**2 + 9*i + 18. What is the remainder when 47 is divided by f(-8)?
7
Let f(y) = 10*y**2 + y + 1. What is the remainder when f(-2) is divided by 21?
18
Suppose 3*t + 0*x - 2 = -5*x, -4 = 3*t - x. What is the remainder when ((69 - 2)/t)/(-1) is divided by 17?
16
Let k = 24 + -18. Suppose a - 25 = 3*p, k*p - 3*p = 3*a - 69. Calculate the remainder when a is divided by 12.
10
Let z = -18 + 10. Let a be (-6)/(3*4/(-42)). Let j = z + a. Calculate the remainder when j is divided by 5.
3
Let b(j) = -12*j. Calculate the remainder when b(-7) is divided by 29.
26
Suppose 0 = 10*a - 6*a - 148. What is the remainder when a is divided by 20?
17
Let q = -36 - -102. Let v = -40 + q. Calculate the remainder when v is divided by ((-9)/(-2))/(6/12).
8
Let d = 7 - 9. Calculate the remainder when (-260)/(-15) - d/(-6) is divided by 9.
8
Let m be -2*15 + 3/3. Let n = 58 + m. Calculate the remainder when n is divided by 16.
13
Let u = -54 + 77. Suppose 2*o - 4*g - 1 = 27, -4*o + 47 = -5*g. What is the remainder when u is divided by o?
7
Suppose 4*t - 60 = 84. Let n be 34/(-12) - 6/t. Let k = 8 - n. What is the remainder when 32 is divided by k?
10
Let b(r) = -13*r - 1. Let k(v) = v**2 + 3*v - 6. What is the remainder when k(5) is divided by b(-1)?
10
Let i(f) = f + 6. Calculate the remainder when 34 is divided by i(8).
6
Let y(c) = c**3 - 3*c**2 + 3*c - 3. Let t = 16 - 13. Suppose -g + u + 28 = 6*u, -2*g + t*u = -17. Calculate the remainder when y(4) is divided by g.
12
Suppose -y - 10*w + 169 = -5*w, -2*y - w = -347. Calculate the remainder when y is divided by 35.
34
Suppose -2*q - 2 + 10 = -z, -4*z = -5*q + 17. Calculate the remainder when z is divided by 1.
0
Let t(f) = -f - 2. Let w be t(-5). Suppose w*h = 4*h - 1. Suppose m = -0*m + h. Calculate the remainder when m is divided by 1.
0
Let c = 111 - 63. Calculat